n base 3, what is -100020 - 111101000111?
-111101100201
In base 12, what is -28722 - -56b4?
-2302a
In base 5, what is -312444143320 + 0?
-312444143320
In base 8, what is 114425150 - 0?
114425150
In base 9, what is 0 + 7652654?
7652654
In base 3, what is 102 - -11120220120111?
11120220120220
In base 2, what is -10111100101101111111 - -1110?
-10111100101101110001
In base 14, what is cbaab + -63?
cba48
In base 15, what is 6969d03 - -4?
6969d07
In base 12, what is 282 - -17b7?
1a79
In base 15, what is 36d7144 + -1d?
36d7126
In base 15, what is 43 + -26da9?
-26d66
In base 6, what is 1115235 + -42132?
1033103
In base 14, what is -a02b421 + 0?
-a02b421
In base 6, what is 231243121 - -2?
231243123
In base 5, what is 20 + -312233042?
-312233022
In base 3, what is 200112122022 - -10112111?
200200011210
In base 8, what is 16 - 1611056?
-1611040
In base 10, what is -355300 - 6?
-355306
In base 14, what is -41 + -57d8?
-5839
In base 5, what is -44441334110 - 2?
-44441334112
In base 8, what is -6107604 - 11?
-6107615
In base 2, what is 10 - 1101001000010000111011?
-1101001000010000111001
In base 16, what is 4 - e88816?
-e88812
In base 10, what is -13 - -1138693?
1138680
In base 5, what is 2243 + -4001414?
-3444121
In base 2, what is 10100111 + 1001010110001001?
1001011000110000
In base 5, what is -2 - 43224012422?
-43224012424
In base 7, what is 34 - 10532335?
-10532301
In base 4, what is -311 - -1003113132?
1003112221
In base 5, what is 14433240004 - -3?
14433240012
In base 7, what is -25064632 - 2?
-25064634
In base 3, what is -120221 + -2021002010212?
-2021002201210
In base 13, what is 1 - -1258180?
1258181
In base 12, what is -6 - 10635a25?
-10635a2b
In base 5, what is -111 - 10203043?
-10203204
In base 3, what is -21021 + -2222212112?
-10000010210
In base 12, what is -1684a - -6a2?
-16168
In base 15, what is 87b6 - -9b6b?
13432
In base 10, what is -4329455 - -13?
-4329442
In base 5, what is -22441 - -3341331?
3313340
In base 4, what is -3 + 322232322123?
322232322120
In base 12, what is 3b + 4683a1?
468420
In base 12, what is b25 - -99542?
9a467
In base 6, what is 450 - -2124325?
2125215
In base 8, what is -1144015 + 11?
-1144004
In base 7, what is 34025642 + 1?
34025643
In base 10, what is -352292 - -532?
-351760
In base 7, what is 4024 + -1101?
2623
In base 13, what is -3048c6 - c?
-304905
In base 7, what is 1564260211 - -2?
1564260213
In base 9, what is -2472 - 70877?
-73460
In base 10, what is 2 - -5891804?
5891806
In base 13, what is -399a + 4a0?
-34ca
In base 4, what is 1102312211030 - -31?
1102312211121
In base 9, what is -3065221 - 17?
-3065238
In base 8, what is 314 + -7541437?
-7541123
In base 4, what is 10 - 1031113223123?
-1031113223113
In base 9, what is -73106 + -1011?
-74117
In base 15, what is -8 - 69906c8?
-69906d1
In base 8, what is -101521 + -1134?
-102655
In base 13, what is -2135 + 3ca0?
1b68
In base 2, what is -1010110110111011010010000 - -110?
-1010110110111011010001010
In base 15, what is 2124 + -9c?
2077
In base 15, what is -6 - -620aeb?
620ae5
In base 2, what is -10001011001010000000000 - 10010?
-10001011001010000010010
In base 5, what is -2200 + 304240330?
304233130
In base 2, what is 11 - 111100111000101100101001000?
-111100111000101100101000101
In base 12, what is -4 - -5570a96?
5570a92
In base 14, what is 46c0bac3 + -2?
46c0bac1
In base 12, what is 802b5 - 205?
800b0
In base 13, what is -2224 + 1445?
-aac
In base 11, what is -7 + 12a456?
12a44a
In base 8, what is 14345 - -1071?
15436
In base 10, what is 29 - -552585?
552614
In base 6, what is -1 + -1305404542?
-1305404543
In base 2, what is -11000001101101101010010100 - 10110?
-11000001101101101010101010
In base 5, what is 13221 - 40424?
-22203
In base 14, what is 2 - -4562476?
4562478
In base 13, what is 3 - 1499c?
-14999
In base 4, what is 11031000 - 33?
11030301
In base 9, what is -446815 - -1?
-446814
In base 11, what is 5 - -209397?
2093a1
In base 15, what is 3a4c9 - 411?
3a0b8
In base 15, what is -5d53e - -b2?
-5d47c
In base 11, what is 1770 - -158a?
324a
In base 10, what is 1 - -39812?
39813
In base 3, what is 100 + 212220200122?
212220200222
In base 3, what is -11 - -2022122021021201?
2022122021021120
In base 16, what is -cd32696 - -2?
-cd32694
In base 6, what is 0 - 15112433020?
-15112433020
In base 7, what is -121 + -30502146?
-30502300
In base 16, what is cd - 12fc9?
-12efc
In base 4, what is -113 - -121011021?
121010302
In base 11, what is -1 - -9839003?
9839002
In base 16, what is -1130ee - -1c?
-1130d2
In base 10, what is 391547 + -2959?
388588
In base 14, what is -d - -80acb?
80abc
In base 6, what is 3305150 - -15321?
3324511
In base 7, what is -13 + 500632263?
500632250
In base 14, what is -372 - -2cdd9?
2ca67
In base 5, what is -1 + -1033344022?
-1033344023
In base 10, what is 14582799 - 9?
14582790
In base 5, what is 140032 - -30401?
220433
In base 7, what is 214112 + -1610?
212202
In base 13, what is -1757 + 8b?
-1699
In base 14, what is -8db1 + -402?
-93b3
In base 5, what is -2402 - -244104?
241202
In base 13, what is 2741a - -3b0?
277ca
In base 9, what is 865 - -22675?
23651
In base 12, what is 212279 - -1a?
212297
In base 16, what is -2125 - -dbf?
-1366
In base 11, what is -104 - 162a42?
-163046
In base 12, what is -37a - -2b15a?
2a9a0
In base 9, what is 5244 - 4418?
725
In base 3, what is -100 - 11210020101011?
-11210020101111
In base 13, what is -75769 - 1c3a?
-776a6
In base 16, what is 14e + 3e78f8?
3e7a46
In base 16, what is 3c120 + -20?
3c100
In base 12, what is 1a8 + 261750?
261938
In base 3, what is 1212012 + 202201222?
211121011
In base 11, what is 553639 - 24?
553615
In base 9, what is -1 + -12073025?
-12073026
In base 12, what is 18571266 - 2?
18571264
In base 7, what is -13362 + -16101?
-32463
In base 12, what is 1 - -2760b0b?
2760b10
In base 11, what is 12001012 - 5?
12001008
In base 8, what is -464 - 5450336?
-5451022
In base 14, what is -9 - 68b54d6?
-68b5501
In base 16, what is ca0ca - -11?
ca0db
In base 9, what is 4 + -20132467?
-20132463
In base 7, what is -250035 + -3406?
-253444
In base 16, what is 44a0a1 + 8?
44a0a9
In base 15, what is -16 + 9e66c?
9e656
In base 5, what is -13204 - -2113013?
2044304
In base 15, what is 6d3ecc - 18?
6d3eb4
In base 11, what is -103 - 1690aa?
-169202
In base 3, what is -11011100111220010 - -111?
-11011100111212122
In base 16, what is -13cf2 - 11?
-13d03
In base 11, what is -78 + 64142?
64075
In base 3, what is 1220202211201 - 10?
1220202211121
In base 2, what is 1001001010011010100101 - 100001011?
1001001010010110011010
In base 11, what is 6 + -19875778?
-19875772
In base 13, what is 59c07 - 67?
59b70
In base 15, what is -3b3 - -6462?
609e
In base 11, what is a9306 - -34a?
a9655
In base 3, what is 111112 + -11200122111?
-11200010222
In base 14, what is b1838b + 41?
b183cc
In base 12, what is -47b78 + 1a03?
-46175
In base 5, what is -221 + 1102214?
1101443
In base 15, what is -32d571 + -2b?
-32d59c
In base 10, what is -19 + -1542545?
-1542564
In base 2, what is -101 - 1001111001100000010101111011?
-1001111001100000010110000000
In base 16, what is 14d44 - 3555?
117ef
In base 16, what is -23b89 + 29?
-23b60
In base 12, what is -67131 + 563?
-6678a
In base 10, what is 52398962 + 0?
52398962
In base 11, what is -11 - -644a525a?
644a5249
In base 7, what is -1 - 432352152?
-432352153
In base 5, what is -1143211 + 22204?
-1121002
In base 7, what is -2303566 - -20?
-2303546
In base 16, what is 82bafa + 2?
82bafc
In base 16, what is 0 - -56486e4?
56486e4
In base 5, what is -3011442113 + -322?
-3011442440
In base 7, what is 454 + 1416?
2203
In base 2, what is -1000010101000110 + -1110010111011?
-1010001000000001
In base 13, what is -2 - -16c7b0?
16c7ab
In base 9, what is 0 + 275207?
275207
In base 13, what is 1105 + 258a?
3692
In base 12, what is -3478a54a + 3?
-3478a547
In base 16, what is -662 + 218a?
1b28
In base 3, what is -22112012 + 21000111?
-1111201
In base 5, what is 114011121 - 2044?
114004022
In base 5, what is 10103 + -12313000?
-12302342
In base 7, what is -2420 + -13435?
-16155
In base 11, what is 119346 + -a?
119337
In base 16, what is 71ace3 - 1?
71ace2
In base 4, what is -1 + 32123320003?
32123320002
In base 2, what is -110001010 - 1111100111111110?
-1111101110001000
In base 5, what is 3223